t of 3776954711?
7
What is the millions digit of 51107489?
1
What is the hundred thousands digit of 39921070?
9
What is the hundred thousands digit of 4120363535?
3
What is the billions digit of 6760358591?
6
What is the hundred thousands digit of 142090514?
0
What is the thousands digit of 62871894?
1
What is the units digit of 17949870?
0
What is the ten millions digit of 2364197243?
6
What is the ten millions digit of 76296225?
7
What is the tens digit of 4174582983?
8
What is the hundreds digit of 607695150?
1
What is the units digit of 725671?
1
What is the tens digit of 2316041564?
6
What is the hundred millions digit of 152820187?
1
What is the thousands digit of 1154640284?
0
What is the ten millions digit of 42434249?
4
What is the units digit of 590369613?
3
What is the millions digit of 519032990?
9
What is the millions digit of 107249647?
7
What is the hundreds digit of 752245854?
8
What is the ten millions digit of 235195368?
3
What is the ten millions digit of 46599958?
4
What is the hundreds digit of 324349060?
0
What is the hundreds digit of 10276176?
1
What is the tens digit of 53114020?
2
What is the ten thousands digit of 674653842?
5
What is the hundred thousands digit of 48110439?
1
What is the hundred thousands digit of 2836907318?
9
What is the ten millions digit of 2709094297?
0
What is the ten millions digit of 58516489?
5
What is the hundred thousands digit of 124676716?
6
What is the tens digit of 338092587?
8
What is the ten millions digit of 375899681?
7
What is the millions digit of 444654942?
4
What is the ten thousands digit of 1010557874?
5
What is the thousands digit of 849770332?
0
What is the ten thousands digit of 26938104?
3
What is the ten millions digit of 8370060258?
7
What is the ten thousands digit of 186898803?
9
What is the ten thousands digit of 64751371?
5
What is the hundreds digit of 49774280?
2
What is the hundred thousands digit of 122084214?
0
What is the hundreds digit of 310939913?
9
What is the ten millions digit of 644727310?
4
What is the millions digit of 71256689?
1
What is the ten millions digit of 107580583?
0
What is the units digit of 231596448?
8
What is the millions digit of 2579636970?
9
What is the millions digit of 61963383?
1
What is the tens digit of 688354023?
2
What is the tens digit of 2032468946?
4
What is the hundred thousands digit of 1241861622?
8
What is the hundred thousands digit of 811369103?
3
What is the hundred thousands digit of 1643459741?
4
What is the ten thousands digit of 64026537?
2
What is the thousands digit of 56561188?
1
What is the hundred thousands digit of 2238461444?
4
What is the millions digit of 28376403?
8
What is the units digit of 1057233915?
5
What is the millions digit of 39334943?
9
What is the hundred thousands digit of 828651978?
6
What is the ten thousands digit of 817177281?
7
What is the hundred thousands digit of 2853729051?
7
What is the units digit of 39784373?
3
What is the hundred thousands digit of 71784447?
7
What is the tens digit of 526614323?
2
What is the thousands digit of 7817594?
7
What is the hundred millions digit of 1699225861?
6
What is the millions digit of 60850427?
0
What is the hundred millions digit of 149225984?
1
What is the hundreds digit of 878290767?
7
What is the thousands digit of 81454521?
4
What is the tens digit of 369306415?
1
What is the ten thousands digit of 88607805?
0
What is the thousands digit of 7681782961?
2
What is the tens digit of 168773024?
2
What is the thousands digit of 2034819000?
9
What is the ten millions digit of 171162661?
7
What is the units digit of 11366196?
6
What is the millions digit of 902103865?
2
What is the millions digit of 551516403?
1
What is the hundred thousands digit of 3356492099?
4
What is the hundreds digit of 110757518?
5
What is the hundreds digit of 26096954?
9
What is the ten thousands digit of 22921282?
2
What is the units digit of 3276291?
1
What is the ten millions digit of 854010012?
5
What is the hundreds digit of 561465223?
2
What is the ten thousands digit of 502150995?
5
What is the thousands digit of 4950876?
0
What is the units digit of 60278021?
1
What is the ten millions digit of 36513414?
3
What is the hundred thousands digit of 807007239?
0
What is the ten millions digit of 95019592?
9
What is the units digit of 1821392?
2
What is the ten thousands digit of 341703374?
0
What is the millions digit of 3498239?
3
What is the hundred thousands digit of 9746169867?
1
What is the thousands digit of 979865879?
5
What is the units digit of 370526083?
3
What is the units digit of 623633429?
9
What is the millions digit of 135734874?
5
What is the units digit of 1598668311?
1
What is the millions digit of 532750802?
2
What is the millions digit of 1649452326?
9
What is the thousands digit of 53463933?
3
What is the hundreds digit of 600370188?
1
What is the ten thousands digit of 301139249?
3
What is the billions digit of 1593061374?
1
What is the ten millions digit of 81080737?
8
What is the millions digit of 23402413?
3
What is the hundred millions digit of 969303013?
9
What is the ten thousands digit of 25741501?
4
What is the ten thousands digit of 11784948?
8
What is the ten millions digit of 227537288?
2
What is the thousands digit of 1385765869?
5
What is the hundreds digit of 189947450?
4
What is the ten thousands digit of 60986377?
8
What is the ten millions digit of 1976344304?
7
What is the millions digit of 178435079?
8
What is the ten millions digit of 738189892?
3
What is the hundred millions digit of 397339312?
3
What is the units digit of 277720767?
7
What is the units digit of 4937717?
7
What is the units digit of 131475839?
9
What is the ten millions digit of 3561553198?
6
What is the hundred thousands digit of 795069540?
0
What is the ten thousands digit of 505924763?
2
What is the hundred millions digit of 461483733?
4
What is the hundred millions digit of 1685180090?
6
What is the units digit of 68508726?
6
What is the units digit of 4217363559?
9
What is the ten millions digit of 18670053?
1
What is the hundred thousands digit of 487187606?
1
What is the hundreds digit of 34723311?
3
What is the hundreds digit of 279513961?
9
What is the hundreds digit of 176561973?
9
What is the hundreds digit of 91321846?
8
What is the ten thousands digit of 70552287?
5
What is the thousands digit of 563131093?
1
What is the millions digit of 120243609?
0
What is the ten millions digit of 321206151?
2
What is the hundreds digit of 1169834568?
5
What is the millions digit of 55449300?
5
What is the thousands digit of 1158430839?
0
What is the millions digit of 19474261?
9
What is the millions digit of 1449602146?
9
What is the ten thousands digit of 123402232?
0
What is the tens digit of 954384599?
9
What is the ten thousands digit of 1536343490?
4
What is the hundreds digit of 21247498?
4
What is the tens digit of 117606016?
1
What is the thousands digit of 1903565890?
5
What is the hundreds digit of 2303955301?
3
What is the hundred thousands digit of 18015342?
0
What is the hundred thousands digit of 100395754?
3
What is the tens digit of 7270802?
0
What is the hundred thousands digit of 154382724?
3
What is the tens digit of 469657494?
9
What is the ten millions digit of 3942291502?
4
What is the hundreds digit of 1006891146?
1
What is the hundred thousands digit of 346584531?
5
What is the tens digit of 108245760?
6
What is the units digit of 976178425?
5
What is the ten millions digit of 215039708?
1
What is the ten thousands digit of 28382888?
8
What is the tens digit of 3171617214?
1
What is the ten millions digit of 3328537129?
2
What is the tens digit of 9888849?
4
What is the tens digit of 2706623014?
1
What is the hundred thousands digit of 84465377?
4
What is the hundred millions digit of 338765989?
3
What is the ten thousands digit of 2272174264?
7
What is the millions digit of 64689977?
4
What is the thousands digit of 99443848?
3
What is the hundreds digit of 483013333?
3
What is the ten thousands digit of 46950056?
5
What is the millions digit of 686803688?
6
What is the millions digit of 33561638?
3
What is the ten thousands digit of 24186459?
8
What is the units digit of 318448430?
0
What is the millions digit of 24760695?